[INFO] fetching crate jit_macros 0.0.9...
[INFO] checking jit_macros-0.0.9 against master#af3c6e733a40e671550e0f0f5aeecaa13772ba56 for pr-74989
[INFO] extracting crate jit_macros 0.0.9 into /workspace/builds/worker-6/source
[INFO] validating manifest of crates.io crate jit_macros 0.0.9 on toolchain af3c6e733a40e671550e0f0f5aeecaa13772ba56
[INFO] running `Command { std: "/workspace/cargo-home/bin/cargo" "+af3c6e733a40e671550e0f0f5aeecaa13772ba56" "read-manifest" "--manifest-path" "Cargo.toml", kill_on_drop: false }`
[INFO] started tweaking crates.io crate jit_macros 0.0.9
[INFO] finished tweaking crates.io crate jit_macros 0.0.9
[INFO] tweaked toml for crates.io crate jit_macros 0.0.9 written to /workspace/builds/worker-6/source/Cargo.toml
[INFO] running `Command { std: "/workspace/cargo-home/bin/cargo" "+af3c6e733a40e671550e0f0f5aeecaa13772ba56" "generate-lockfile" "--manifest-path" "Cargo.toml" "-Zno-index-update", kill_on_drop: false }`
[INFO] running `Command { std: "/workspace/cargo-home/bin/cargo" "+af3c6e733a40e671550e0f0f5aeecaa13772ba56" "fetch" "--locked" "--manifest-path" "Cargo.toml", kill_on_drop: false }`
[INFO] running `Command { std: "docker" "create" "-v" "/var/lib/crater-agent-workspace/builds/worker-6/target:/opt/rustwide/target:rw,Z" "-v" "/var/lib/crater-agent-workspace/builds/worker-6/source:/opt/rustwide/workdir:ro,Z" "-v" "/var/lib/crater-agent-workspace/cargo-home:/opt/rustwide/cargo-home:ro,Z" "-v" "/var/lib/crater-agent-workspace/rustup-home:/opt/rustwide/rustup-home:ro,Z" "-e" "SOURCE_DIR=/opt/rustwide/workdir" "-e" "CARGO_TARGET_DIR=/opt/rustwide/target" "-e" "CARGO_HOME=/opt/rustwide/cargo-home" "-e" "RUSTUP_HOME=/opt/rustwide/rustup-home" "-w" "/opt/rustwide/workdir" "-m" "1610612736" "--user" "0:0" "--network" "none" "rustops/crates-build-env@sha256:d92eaeed33fa75130ca1ee6c8a01d1ffb62bac859dfdfb3450e3e5d1c0146529" "/opt/rustwide/cargo-home/bin/cargo" "+af3c6e733a40e671550e0f0f5aeecaa13772ba56" "metadata" "--no-deps" "--format-version=1", kill_on_drop: false }`
[INFO] [stdout] 6d28c32a6a8d36df41324262a6aa3b6230f04bea493db7d9db3066dae5f05681
[INFO] [stderr] WARNING: Your kernel does not support swap limit capabilities or the cgroup is not mounted. Memory limited without swap.
[INFO] running `Command { std: "docker" "start" "-a" "6d28c32a6a8d36df41324262a6aa3b6230f04bea493db7d9db3066dae5f05681", kill_on_drop: false }`
[INFO] running `Command { std: "docker" "inspect" "6d28c32a6a8d36df41324262a6aa3b6230f04bea493db7d9db3066dae5f05681", kill_on_drop: false }`
[INFO] running `Command { std: "docker" "rm" "-f" "6d28c32a6a8d36df41324262a6aa3b6230f04bea493db7d9db3066dae5f05681", kill_on_drop: false }`
[INFO] [stdout] 6d28c32a6a8d36df41324262a6aa3b6230f04bea493db7d9db3066dae5f05681
[INFO] running `Command { std: "docker" "create" "-v" "/var/lib/crater-agent-workspace/builds/worker-6/target:/opt/rustwide/target:rw,Z" "-v" "/var/lib/crater-agent-workspace/builds/worker-6/source:/opt/rustwide/workdir:ro,Z" "-v" "/var/lib/crater-agent-workspace/cargo-home:/opt/rustwide/cargo-home:ro,Z" "-v" "/var/lib/crater-agent-workspace/rustup-home:/opt/rustwide/rustup-home:ro,Z" "-e" "SOURCE_DIR=/opt/rustwide/workdir" "-e" "CARGO_TARGET_DIR=/opt/rustwide/target" "-e" "CARGO_INCREMENTAL=0" "-e" "RUST_BACKTRACE=full" "-e" "RUSTFLAGS=--cap-lints=forbid" "-e" "CARGO_HOME=/opt/rustwide/cargo-home" "-e" "RUSTUP_HOME=/opt/rustwide/rustup-home" "-w" "/opt/rustwide/workdir" "-m" "1610612736" "--user" "0:0" "--network" "none" "rustops/crates-build-env@sha256:d92eaeed33fa75130ca1ee6c8a01d1ffb62bac859dfdfb3450e3e5d1c0146529" "/opt/rustwide/cargo-home/bin/cargo" "+af3c6e733a40e671550e0f0f5aeecaa13772ba56" "check" "--frozen" "--all" "--all-targets" "--message-format=json", kill_on_drop: false }`
[INFO] [stdout] e415ab0bb94b1dda0323282c4d04a2991ee097f93fe9acbd623a8bd1b8aba4d7
[INFO] [stderr] WARNING: Your kernel does not support swap limit capabilities or the cgroup is not mounted. Memory limited without swap.
[INFO] running `Command { std: "docker" "start" "-a" "e415ab0bb94b1dda0323282c4d04a2991ee097f93fe9acbd623a8bd1b8aba4d7", kill_on_drop: false }`
[INFO] [stderr]     Blocking waiting for file lock on package cache
[INFO] [stderr]     Blocking waiting for file lock on package cache
[INFO] [stderr]     Checking matches v0.1.8
[INFO] [stderr]     Checking jit_macros v0.0.9 (/opt/rustwide/workdir)
[INFO] [stdout] error[E0557]: feature has been removed
[INFO] [stdout]  --> src/macros.rs:1:45
[INFO] [stdout]   |
[INFO] [stdout] 1 | #![feature(rustc_private, plugin_registrar, quote, plugin)]
[INFO] [stdout]   |                                             ^^^^^ feature has been removed
[INFO] [stdout] 
[INFO] [stdout] 
[INFO] [stdout] error[E0457]: plugin `matches` only found in rlib format, but must be available in dylib format
[INFO] [stdout]  --> src/macros.rs:2:11
[INFO] [stdout]   |
[INFO] [stdout] 2 | #![plugin(matches)]
[INFO] [stdout]   |           ^^^^^^^
[INFO] [stdout] 
[INFO] [stdout] 
[INFO] [stdout] error[E0557]: feature has been removed
[INFO] [stdout]  --> src/macros.rs:1:45
[INFO] [stdout]   |
[INFO] [stdout] 1 | #![feature(rustc_private, plugin_registrar, quote, plugin)]
[INFO] [stdout]   |                                             ^^^^^ feature has been removed
[INFO] [stdout] 
[INFO] [stdout] 
[INFO] [stdout] error[E0457]: plugin `matches` only found in rlib format, but must be available in dylib format
[INFO] [stdout]  --> src/macros.rs:2:11
[INFO] [stdout]   |
[INFO] [stdout] 2 | #![plugin(matches)]
[INFO] [stdout]   |           ^^^^^^^
[INFO] [stdout] 
[INFO] [stdout] 
[INFO] [stderr] error: could not compile `jit_macros`.
[INFO] [stdout] error: aborting due to 2 previous errors
[INFO] [stdout] 
[INFO] [stdout] 
[INFO] [stderr] 
[INFO] [stdout] error: aborting due to 2 previous errors
[INFO] [stdout] 
[INFO] [stdout] 
[INFO] [stderr] To learn more, run the command again with --verbose.
[INFO] [stdout] For more information about this error, try `rustc --explain E0557`.
[INFO] [stdout] 
[INFO] [stderr] warning: build failed, waiting for other jobs to finish...
[INFO] [stdout] For more information about this error, try `rustc --explain E0557`.
[INFO] [stdout] 
[INFO] [stderr] error: build failed
[INFO] running `Command { std: "docker" "inspect" "e415ab0bb94b1dda0323282c4d04a2991ee097f93fe9acbd623a8bd1b8aba4d7", kill_on_drop: false }`
[INFO] running `Command { std: "docker" "rm" "-f" "e415ab0bb94b1dda0323282c4d04a2991ee097f93fe9acbd623a8bd1b8aba4d7", kill_on_drop: false }`
[INFO] [stdout] e415ab0bb94b1dda0323282c4d04a2991ee097f93fe9acbd623a8bd1b8aba4d7
